{"id":144,"date":"2020-08-26T23:50:40","date_gmt":"2020-08-26T21:50:40","guid":{"rendered":"http:\/\/playtimeproject.com\/?page_id=144"},"modified":"2023-09-22T23:03:17","modified_gmt":"2023-09-22T21:03:17","slug":"nos-expositions","status":"publish","type":"page","link":"https:\/\/playtimeproject.com\/index.php\/nos-expositions\/","title":{"rendered":"Nos Expositions"},"content":{"rendered":"\n<p><strong>\u00ab\u00a0Sans Filtre \u00bb exposition de Kesadi dans la PLAYTIME BOX .<\/strong>  <br> Dans le cadre du Festival du livre, pr\u00e9sent\u00e9e par la M\u00e9diath\u00e8que, Unwhite it, Playtime Project &amp; la Playtime Box.<br><\/p>\n\n\n<div class=\"wp-block-image\">\n<figure class=\"aligncenter size-large\"><img loading=\"lazy\" decoding=\"async\" width=\"768\" height=\"1024\" src=\"https:\/\/playtimeproject.com\/wp-content\/uploads\/2023\/09\/serigraphie-cadre-768x1024.jpg\" alt=\"\" class=\"wp-image-641\" srcset=\"https:\/\/playtimeproject.com\/wp-content\/uploads\/2023\/09\/serigraphie-cadre-768x1024.jpg 768w, https:\/\/playtimeproject.com\/wp-content\/uploads\/2023\/09\/serigraphie-cadre-225x300.jpg 225w, https:\/\/playtimeproject.com\/wp-content\/uploads\/2023\/09\/serigraphie-cadre-1152x1536.jpg 1152w, https:\/\/playtimeproject.com\/wp-content\/uploads\/2023\/09\/serigraphie-cadre-1536x2048.jpg 1536w, https:\/\/playtimeproject.com\/wp-content\/uploads\/2023\/09\/serigraphie-cadre-1200x1600.jpg 1200w, https:\/\/playtimeproject.com\/wp-content\/uploads\/2023\/09\/serigraphie-cadre-scaled.jpg 1920w\" sizes=\"auto, (max-width: 768px) 85vw, 768px\" \/><\/figure>\n<\/div>\n\n\n<p><\/p>\n\n\n\n<p><strong>\u00ab\u00a0Trames &amp; Lignes \u00bb exposition \u00e9ph\u00e9m\u00e8re <strong>d&rsquo;Alexandre Capan<\/strong> pr\u00e9sent\u00e9e dans la PLAYTIME BOX .<\/strong>  <br> Dans le cadre du Festival <strong>Make Some Noise #4<\/strong> \u00e0 C&rsquo;Picaud \u00e0 Cannes, rendez-vous le samedi 29 octobre <br>  sur le parvis de C&rsquo;Picaud, dans la Playtime Box pour d\u00e9couvrir le travail d&rsquo;Alexandre Capan.<\/p>\n\n\n<div class=\"wp-block-image\">\n<figure class=\"aligncenter size-large\"><img loading=\"lazy\" decoding=\"async\" width=\"725\" height=\"1024\" src=\"https:\/\/playtimeproject.com\/wp-content\/uploads\/2022\/10\/19800sitePB-725x1024.jpg\" alt=\"\" class=\"wp-image-570\" srcset=\"https:\/\/playtimeproject.com\/wp-content\/uploads\/2022\/10\/19800sitePB-725x1024.jpg 725w, https:\/\/playtimeproject.com\/wp-content\/uploads\/2022\/10\/19800sitePB-212x300.jpg 212w, https:\/\/playtimeproject.com\/wp-content\/uploads\/2022\/10\/19800sitePB-768x1085.jpg 768w, https:\/\/playtimeproject.com\/wp-content\/uploads\/2022\/10\/19800sitePB.jpg 800w\" sizes=\"auto, (max-width: 725px) 85vw, 725px\" \/><\/figure>\n<\/div>\n\n\n<p><\/p>\n\n\n\n<p><strong>\u00ab&nbsp;Rise\u00bb exposition <strong>de Pep Karsten<\/strong> pr\u00e9sent\u00e9e dans la PLAYTIME BOX .<\/strong> Dans le cadre de La villa des Plages et de la Villa Jamel Comedy Club en collaboration  avec Panda Events \u00e0 la M\u00e9diath\u00e8ques Noailles (\u00e9t\u00e9 2021)<\/p>\n\n\n\n<p><strong>\u00ab&nbsp;Rise\u00bb exposition <strong>de Pep Karsten<\/strong> pr\u00e9sent\u00e9e dans la PLAYTIME BOX .<\/strong> Dans le cadre du 100% EAC avec la Ville de Cannes et la Direction de la Culture dans les lyc\u00e9es Bristol et Stanislas vernissage avec DJ Set de Thomas DUSSEUNE (mars 2021)<\/p>\n\n\n\n<figure class=\"wp-block-image size-large\"><img loading=\"lazy\" decoding=\"async\" width=\"800\" height=\"534\" src=\"https:\/\/playtimeproject.com\/wp-content\/uploads\/2021\/03\/rise.jpg\" alt=\"\" class=\"wp-image-423\" srcset=\"https:\/\/playtimeproject.com\/wp-content\/uploads\/2021\/03\/rise.jpg 800w, https:\/\/playtimeproject.com\/wp-content\/uploads\/2021\/03\/rise-300x200.jpg 300w, https:\/\/playtimeproject.com\/wp-content\/uploads\/2021\/03\/rise-768x513.jpg 768w\" sizes=\"auto, (max-width: 800px) 85vw, 800px\" \/><\/figure>\n\n\n\n<p><\/p>\n\n\n\n<p><strong>\u00ab&nbsp;Rhizome&nbsp;\u00bb&nbsp;exposition et soir\u00e9e&nbsp;officielle d\u2019ouverture du Suquet des Artistes avec la Ville de Cannes (2016)<\/strong><br>Antonin Fourneau \u2013 Antoine Puisais \u2013 Itoladisco \u2013 Pep Karsten \u2013 Viviane Riberaigua \u2013 Stephan Ricci<br>Concert performance Itoladisco et Collectif VHS<\/p>\n\n\n\n<p class=\"has-normal-font-size\"><strong>\u00ab&nbsp;Fallen Princesses&nbsp;\u00bb<\/strong>&nbsp;de Dina Goldstein avec la Ville de Mouans-Sartoux, la Galerie Opium et le Prix Virginia (2015)<\/p>\n\n\n\n<figure class=\"wp-block-image size-large\"><img loading=\"lazy\" decoding=\"async\" width=\"800\" height=\"534\" src=\"http:\/\/playtimeproject.com\/wp-content\/uploads\/2021\/02\/playtimeproject18.jpg\" alt=\"\" class=\"wp-image-316\" srcset=\"https:\/\/playtimeproject.com\/wp-content\/uploads\/2021\/02\/playtimeproject18.jpg 800w, https:\/\/playtimeproject.com\/wp-content\/uploads\/2021\/02\/playtimeproject18-300x200.jpg 300w, https:\/\/playtimeproject.com\/wp-content\/uploads\/2021\/02\/playtimeproject18-768x513.jpg 768w\" sizes=\"auto, (max-width: 800px) 85vw, 800px\" \/><\/figure>\n\n\n\n<p><\/p>\n\n\n\n<p class=\"has-normal-font-size\"><strong>\u00ab&nbsp;We dream alone&nbsp;\u00bb<\/strong>&nbsp;avec le ville de Mouans-Sartoux (2014)<br>Antoine Grulier \u2013 Pierre Pauselli \u2013 Thomas Tibouville<br>Concert The Presidents<\/p>\n\n\n\n<p><strong>\u00ab&nbsp;La femme est un autre moi&nbsp;\u00bb<\/strong>&nbsp;\u00e0 l\u2019espace Miramar avec la ville de Cannes (2011)<br>Clarissa Delle Monache \u2013 Karine Meyffret \u2013 Malou Moreau \u2013 Christine Carol<br>Tabusso \u2013 Thomas Tibouville<br>Concert avec Lizzy Parks et Thomas Dusseune, Chrono Triggers, Hyphen Hyphen<\/p>\n\n\n\n<figure class=\"wp-block-image size-large\"><img loading=\"lazy\" decoding=\"async\" width=\"800\" height=\"534\" src=\"http:\/\/playtimeproject.com\/wp-content\/uploads\/2021\/02\/playtimeproject6.jpg\" alt=\"\" class=\"wp-image-270\" srcset=\"https:\/\/playtimeproject.com\/wp-content\/uploads\/2021\/02\/playtimeproject6.jpg 800w, https:\/\/playtimeproject.com\/wp-content\/uploads\/2021\/02\/playtimeproject6-300x200.jpg 300w, https:\/\/playtimeproject.com\/wp-content\/uploads\/2021\/02\/playtimeproject6-768x513.jpg 768w\" sizes=\"auto, (max-width: 800px) 85vw, 800px\" \/><\/figure>\n\n\n\n<p><\/p>\n\n\n\n<p><strong>\u00ab&nbsp;De l\u2019autre c\u00f4t\u00e9 du miroir&nbsp;\u00bb<\/strong>&nbsp;au MUSEAV \u00e0 Nice (2009)<br>Thomas Tibouville \u2013 Ga\u00eblle Darchy \u2013 Roxanne Daumas \u2013 Freddish Papritz \u2013<br>Fondation de l\u2019ordre Survetiste \u2013 Pep Karsten \u2013 Maxime Leclair \u2013 Kevan Lemire \u2013 Justyna Ptak \u2013 Royal Gar\u00e7onnes<\/p>\n\n\n\n<p><strong>\u00ab&nbsp;Alibi hic et nunc&nbsp;\u00bb<\/strong>&nbsp;\u00e0 l\u2019H\u00f4tel 3.14 \u00e0 Cannes (2009)<br>Atomart \u2013 Michel Besse \u2013 Gaelle Darchy \u2013 Roxane Daumas \u2013 Pep Karsten \u2013 Kevan Lemire \/ Malou Moreau \/ Oomiaq \/ Arnaud Pages<br>Concert oOmiaq et Simon Dalmais, DJ Set Alexyan<\/p>\n\n\n\n<figure class=\"wp-block-image size-large\"><img loading=\"lazy\" decoding=\"async\" width=\"800\" height=\"534\" src=\"http:\/\/playtimeproject.com\/wp-content\/uploads\/2021\/02\/playtimeproject14.jpg\" alt=\"\" class=\"wp-image-278\" srcset=\"https:\/\/playtimeproject.com\/wp-content\/uploads\/2021\/02\/playtimeproject14.jpg 800w, https:\/\/playtimeproject.com\/wp-content\/uploads\/2021\/02\/playtimeproject14-300x200.jpg 300w, https:\/\/playtimeproject.com\/wp-content\/uploads\/2021\/02\/playtimeproject14-768x513.jpg 768w\" sizes=\"auto, (max-width: 800px) 85vw, 800px\" \/><\/figure>\n\n\n\n<p><\/p>\n\n\n\n<p><strong>\u00ab&nbsp;Prologue&nbsp;\u00bb<\/strong>&nbsp;Square architecture Cannes (2007)<br>Kevan Lemire \u2013 Magali Gibelin \u2013 Atomart \u2013 Malou Moreau \u2013 Roxane Daumas \u2013 Jean-Marc Costantino \u2013 Anne Lise Larini \u2013 Cin\u00e9ma Brut \u2013 VAO \u2013 Nicolas Frespech \u2013 Huai Lin Kao \u2013 Mo\u00efse Mandoli \u2013 D.I.Y \u2013 Pep Karsten<\/p>\n","protected":false},"excerpt":{"rendered":"<p>\u00ab\u00a0Sans Filtre \u00bb exposition de Kesadi dans la PLAYTIME BOX . Dans le cadre du Festival du livre, pr\u00e9sent\u00e9e par la M\u00e9diath\u00e8que, Unwhite it, Playtime Project &amp; la Playtime Box. \u00ab\u00a0Trames &amp; Lignes \u00bb exposition \u00e9ph\u00e9m\u00e8re d&rsquo;Alexandre Capan pr\u00e9sent\u00e9e dans la PLAYTIME BOX . Dans le cadre du Festival Make Some Noise #4 \u00e0 C&rsquo;Picaud &hellip; <a href=\"https:\/\/playtimeproject.com\/index.php\/nos-expositions\/\" class=\"more-link\">Continuer la lecture<span class=\"screen-reader-text\"> de &laquo;&nbsp;Nos Expositions&nbsp;&raquo;<\/span><\/a><\/p>\n","protected":false},"author":1,"featured_media":0,"parent":0,"menu_order":0,"comment_status":"closed","ping_status":"closed","template":"","meta":{"footnotes":""},"class_list":["post-144","page","type-page","status-publish","hentry"],"_links":{"self":[{"href":"https:\/\/playtimeproject.com\/index.php\/wp-json\/wp\/v2\/pages\/144","targetHints":{"allow":["GET"]}}],"collection":[{"href":"https:\/\/playtimeproject.com\/index.php\/wp-json\/wp\/v2\/pages"}],"about":[{"href":"https:\/\/playtimeproject.com\/index.php\/wp-json\/wp\/v2\/types\/page"}],"author":[{"embeddable":true,"href":"https:\/\/playtimeproject.com\/index.php\/wp-json\/wp\/v2\/users\/1"}],"replies":[{"embeddable":true,"href":"https:\/\/playtimeproject.com\/index.php\/wp-json\/wp\/v2\/comments?post=144"}],"version-history":[{"count":35,"href":"https:\/\/playtimeproject.com\/index.php\/wp-json\/wp\/v2\/pages\/144\/revisions"}],"predecessor-version":[{"id":689,"href":"https:\/\/playtimeproject.com\/index.php\/wp-json\/wp\/v2\/pages\/144\/revisions\/689"}],"wp:attachment":[{"href":"https:\/\/playtimeproject.com\/index.php\/wp-json\/wp\/v2\/media?parent=144"}],"curies":[{"name":"wp","href":"https:\/\/api.w.org\/{rel}","templated":true}]}}